+ 1*4. Let l(i) be the third derivative of -11*i**6/120 - i**4/12 + i**3/6 - i**2 - 11*i. What is l(w)?
-12
Let g(y) be the second derivative of 1/2*y**2 + 1/6*y**3 + 11*y + 0 - 1/12*y**4. Determine g(2).
-1
Let b(j) = -j**3 - 5*j**2 - 3*j - 1. Let f = -182 + 179. What is b(f)?
-10
Let o(w) = 3*w + 3. Let h be o(-1). Let k(y) = -243*y**2 + 2*y + 3 + h*y + 241*y**2. Calculate k(-2).
-9
Let s(l) = 6*l + 2 - 3*l - 1. Suppose 0 = -1530*o + 1528*o - 10. What is s(o)?
-14
Suppose -6*c + 2 = -5*a, 4*a = -0*a - 5*c + 18. Let w(n) = 5*n - 5. What is w(a)?
5
Let r be 16/2 + (-4)/2. Let o(p) = 2*p + 20. Let w(v) = -v - 3. Let k(s) = -o(s) - 5*w(s). Calculate k(r).
13
Let l(k) be the first derivative of -11 + 0*k + 2*k**2 - 1/2*k**3 - 1/24*k**4. Let x(h) be the second derivative of l(h). Give x(-4).
1
Let z(i) = 5*i**2. Suppose 3*w = 3*v, -3*w = 2*w - 20. Let j be (-1 - -2) + -6 + v. Determine z(j).
5
Let d(r) be the first derivative of -1/3*r**3 - 4*r + 2*r**2 + 1. Let k = 14 - 9. Determine d(k).
-9
Let b(u) be the third derivative of -u**4/24 + u**3/6 - 4*u**2. Let s = 25 + -9. Let y = s - 17. What is b(y)?
2
Let v(p) be the second derivative of 0 + p**3 - 3*p**2 + 6*p + 1/6*p**4 - 1/20*p**5. Give v(4).
-14
Let c(v) be the first derivative of -v**3/3 - 3*v**2/2 + 4*v - 14. Suppose -y - 1 = -0. Let l be (-4)/((-8)/(-6)) + y. Determine c(l).
0
Let u(p) = 2*p**2 - 9*p + 15. Let o be u(3). Let z(g) = -g**3 + 8*g**2 - 9*g. What is z(o)?
18
Let j = 19 - 22. Let w(q) be the first derivative of -q**3/3 - q**2/2 - q + 8. What is w(j)?
-7
Let z be 2/(-10) + (-108)/10. Let b = z - 34. Let w be ((-2)/5)/(3/b). Let s(a) = a**3 - 7*a**2 + 6*a + 6. What is s(w)?
6
Let q be (-2)/(-4) - (-6)/(-4). Let f be (7/(-28))/(3/12*q). Let t(r) = 17*r**2 + r - 1. Determine t(f).
17
Let n(c) = c**2 + 7*c + 11. Let z = -28 - -22. Let p be n(z). Let t(w) = w. Determine t(p).
5
Suppose 5*t + 3 = -2. Let g(x) = -8*x**3 - 4*x**2 + x. Let u(b) = -b**2. Let k(j) = -j + 3. Let p be k(2). Let a(s) = p*g(s) - 5*u(s). Give a(t).
8
Let q(c) be the second derivative of c**5/20 - c**4/12 + c**3/6 - 5*c**2/2 - 2*c. Suppose -8*u - 15 + 15 = 0. Determine q(u).
-5
Let b = 11 + -5. Let d(r) = -2*r**2 - r**3 + 9*r**2 + 49 - 56 + r - 4*r. What is d(b)?
11
Let j(v) be the second derivative of v**4/6 + v**3/6 + 5*v**2/2 - 94*v. Give j(0).
5
Let r(g) be the second derivative of -g**5/20 + 5*g**4/12 + 7*g**3/6 + g**2/2 - 41*g. Give r(6).
7
Let b(j) = -615*j + 614*j + 2*j**2 + 41 - 45. Calculate b(0).
-4
Let k(f) be the first derivative of f**4/4 + 3*f**2/2 - 3*f + 3. Let w be k(2). Let b(x) = 5*x**2 - 8*x**3 + 18*x**3 - w*x**3 - 2 - 4*x. What is b(4)?
-2
Let g(v) = -2*v**2 - 6*v + 5. Suppose 0 = 2*c - 0*c - 2. Suppose -3*a - c = 14. Give g(a).
-15
Let h(a) = -9*a + 33. Let q(g) = -4*g + 16. Let m(u) = 3*h(u) - 7*q(u). Let f be m(12). Let d be (0 - f) + 0/2. Let x(w) = 8*w**3 - 2*w + 1. Give x(d).
7
Let y(p) = -5 + 0*p**2 - 2*p - p**2 - 2*p. Let s(v) = -v**2 + 6*v + 3. Let n be s(7). Let d be n/18 - (-258)/(-54). Give y(d).
-10
Suppose 15 = -7*m + 2*m. Let c(d) = -3 + 6 + d + 8*d - 8*d. What is c(m)?
0
Let z(q) be the second derivative of q**5/20 + q**4 - q**3/6 - 5*q**2 + 140*q - 2. Calculate z(-12).
2
Let d(r) = -r**2 - 4*r + 4. Suppose 2*c + 2*w - 13 - 37 = 0, -c - 4*w + 40 = 0. Let b = c - 25. What is d(b)?
-1
Let k(x) = -2*x**2 + x. Let g(t) = -14*t**2 - 4*t + 4. Let q(d) = g(d) - 6*k(d). Give q(-8).
-44
Let d(k) = -1469*k - 2*k**2 + 2938*k + 4 - 6 - 1468*k. Suppose t - 1 = -4. Determine d(t).
-23
Let a(c) = -c**2 + 7*c + 6. Let t be ((-75)/10)/(5/(-4)). Give a(t).
12
Let x(p) = -2*p**3 + 3*p + p**3 - 3 + 3*p - 6*p**2 - 7. Give x(-7).
-3
Let v(t) be the first derivative of 0*t + 0*t**2 - 11 + 10/3*t**3. What is v(-1)?
10
Let a(r) = -r**2 - 9*r + 1 - 4*r + r - 12 - 5. Determine a(-10).
4
Suppose 21 = -s - 5*c, 4*s + 0*s = 2*c + 26. Suppose -4*q - 5 = -3*q - v, s*q - 2*v + 18 = 0. Let w(d) = d**3 + 3*d**2 - 2*d + 3. What is w(q)?
-5
Let r(k) be the third derivative of k**4/24 - k**3/6 + 82*k**2. Calculate r(2).
1
Let s(w) = -2*w**2 + 2*w. Let z(m) = 3*m - 5. Let q be z(3). Let i(d) = -3*d + 14. Let k be i(q). Calculate s(k).
-4
Let o(z) = -z**2 - 10*z - 8. Let j be (0 + -2)*2 - (-16 - -20). What is o(j)?
8
Let y(c) = 75*c - 75*c - 22*c**2. What is y(-1)?
-22
Suppose 124 = 2*b - f - 82, -4*f = 2*b - 206. Let q = b - 97. Let u(i) = -i**3 + 5*i**2 + 6*i + 3. Determine u(q).
3
Let t(f) = -8*f**2 + f. Let u = 47 + -49. Calculate t(u).
-34
Let m(u) = u. Let y(b) = 5*b - 1. Let h be (6/36)/((-2)/(-12)). Let n(r) = h*m(r) + y(r). Calculate n(-1).
-7
Let j(i) = 8*i**2 - 10*i - 6. Let u(z) = -z**2 + 3. Let r(h) = j(h) + 7*u(h). Calculate r(10).
15
Let v be 1/(9/27*(-2)/36). Let y = -50 - v. Let t(o) = 2*o**2 - 5*o - 1. What is t(y)?
11
Let l(c) = -c**2 + c - 9. Let j(k) = -k**2 + k - 8. Let u(p) = -5*j(p) + 6*l(p). Let w = -9 - -1. Let h = 8 + w. What is u(h)?
-14
Let l(k) = -5*k**3 - 10*k**2 - 3. Let g(h) = 8*h**3 + 12*h**2 + h + 4. Let d(v) = 2*g(v) + 3*l(v). Give d(5).
-16
Let f(q) be the second derivative of 19*q**3/6 + 46*q**2 - 560*q. Determine f(-5).
-3
Let i(y) = 2*y**2 + 5*y + 6. Let h(p) = -1. Suppose o + 32 = 2*l - 8, -59 = -3*l + o. Let a = l + -21. Let k(v) = a*h(v) - i(v). Determine k(-3).
-7
Suppose 0 = -7*j - 30 + 2. Let w(o) = -2*o + 105 - 104 + 0*o. Determine w(j).
9
Let q(s) = s**3 - 6*s**2 - 9*s + 10. Let o be (-2)/((3 + (-2 - -1))/(-3)). Suppose -4*a + 19 = d, -2*a + 36 = o*d + 3*a. Give q(d).
-4
Let z = -4 - -13. Suppose 4*o - 18 = -2*v, o - v + 3 = 15. Let l(f) = 0 + 2*f + f**2 - z*f + o. Calculate l(6).
1
Let s(d) be the third derivative of -1/4*d**4 + 0 - 2/3*d**3 + 1/60*d**5 + 0*d - 15*d**2. Determine s(6).
-4
Let z be -1 + 1 + 1 - 13260/(-78). Let k be z/(-36) + 9/12. Let s(i) = -7*i - 3. Give s(k).
25
Let x(c) = -c - 3 + 3*c**3 - 4 - 3*c**2 - 2*c + 9 - 4. Determine x(3).
43
Let s(i) be the second derivative of i**5/20 - i**4/3 - 5*i**3/6 - 5*i**2/2 - 30*i. Let t(x) = x + 5. Let j be t(0). What is s(j)?
-5
Let s(c) = c**3 + 10*c**2 + 12*c - 13. Suppose -63 = 15*v - 8*v. What is s(v)?
-40
Let o(m) = -m**3 - 3*m**2 + 2*m - 3. Let u be ((-1 - -3) + -1)*0. Suppose u*r - 4*r - 16 = 0. Let g be o(r). Let b(c) = -c**2 + 5*c - 5. Calculate b(g).
-5
Let c(n) = 5*n - 5. Let p(q) = -5 - 4*q + 12 - 3. Let h(d) = -2*c(d) - 3*p(d). What is h(3)?
4
Let z(h) = -h**3 + 10*h**2 - 8*h - 3. Suppose -2*c = -51 + 33. Determine z(c).
6
Suppose -k - 18 = -19. Suppose 7 = -r - 2*v, -6 = -3*r + v + k. Let y(i) = 6 - 4 - 5*i - 3. Determine y(r).
-6
Suppose 0 = -3*l + 5 + 1. Let h(g) = 2 + 4 - 5 + g**l - 7*g. Let j(v) = 13*v**2 + 623*v - 43. Let k be j(-48). Determine h(k).
-9
Let k(s) be the second derivative of -s**3/6 + 4*s. Let c be (-3)/12 + 63/(-4). Let m = 20 + c. Determine k(m).
-4
Let f(x) = x**3 - 8*x**2 + 8*x - 9. Let r(a) = -6*a - 11 + 17*a + 152*a**2 - 145*a**2. Let c be r(1). What is f(c)?
-2
Let h(q) = 2*q**2 + 5*q + 3. Let a(t) = 2*t**2 - 26*t - 3. Let j be a(13). Give h(j).
6
Let r(d) = 97*d - 491. Let z be r(5). Let c(q) = 0*q - 9 - 2*q + 3. Give c(z).
6
Let t(c) = 5*c**3 + 3*c**2 - 2*c + 5. Let g(r) = -14*r**3 - 8*r**2 + 5*r - 14. Let o(k) = 6*g(k) + 17*t(k). Calculate o(-4).
1
Suppose -7*w = 7 - 7. Suppose 0 = 2*c + 2*f - f + 14, 4*c + 5*f + 34 = w. Let g(r) = 3 + 2*r + r - 4*r. What is g(c)?
9
Let w = -108 - -110. Let q(j) = w - 3 + 2 + 0 + j. Let u be (6/8)/(2/8). Give q(u).
4
Suppose 5*r + 4*w - 26 = -0*w, 3*r + 4*w = 14. Suppose 7*k + r = -1. Let y(i) = -6*i - 1. Let m(j) = 7*j + 1. Let a(d) = -2*m(d) - 3*y(d). Calculate a(k).
-3
Suppose -5*j + 2*a - 7*a = -20, -4*j - a + 16 = 0. Let w(h) = h**3 - 4*h**2 + 4*h. Determine w(j).
16
Let d(b) = -b**3 - b**2 + 3*b - 4. Let p = 727 - 730. Determine d(p).
5
Let y(h) = -21*h - 6*h + 6*h**3 + 44*h - 18*h + h**2. What is y(1)?
6
Let q = -21 + 6. Let g be 6/24 + q/(-4). Let r(k) be the second derivative of -k**3/6 + k**2 + 9*k. Give r(g).
-2
Let i(w) be the second derivative of w**5/20 - 3*w**2 + 16*w. Let o(c) = c + 7. Let h be ((-7)/(-3))/(1/(-3)). Let r be o(h). Determine i(r).
-6
Suppose 5*b = 3*b + 14. Let z(i) = -2*i**3 - b + 4*i**2 + 5 + i**3 - 3*i. Let j(l) = l**3 + 4*l**2 - 4*l + 8. Let u be j(-5). What is z(u)?
-2
Let l(y) = -y**3 + 2*y